ors of a(10).
2, 7, 11
Suppose 0*v - 2*v + 54 = 0. Suppose z - v = -2*z. List the prime factors of z.
3
Let o(v) = -v**3 + v**2. Let b be o(0). What are the prime factors of 12 + (1 - (b - -3))?
2, 5
Let b(c) = -2 - 2*c + 2. List the prime factors of b(-4).
2
Suppose 0 = -5*t + 4*t + 37. What are the prime factors of t?
37
Suppose 4*c = 2*c - 8. Let o(g) = -7*g - 3*g**2 + 8 - g**3 - 10 + 6*g. What are the prime factors of o(c)?
2, 3
Let c = 57 + -26. What are the prime factors of c?
31
Suppose 1 = -j + 5. Let v = 16 - j. What are the prime factors of v?
2, 3
Let d(n) = -n**3 + 8*n**2 + 2*n - 12. Let v be d(8). Let l be ((-3)/4)/(v/(-16)). Suppose 0 = -2*a + l*s + 30, 0*s = s + 4. What are the prime factors of a?
3
Let a = 243 - 130. What are the prime factors of a?
113
Let o(b) = -b**3 - 4*b**2 - 2*b + 2. Let u be o(-4). Suppose -5*c + 10 = -u, -2*c + 3 = i. Let d(j) = -3*j - 2. List the prime factors of d(i).
13
Suppose -u + 268 = 4*w, w - 76 = -0*w + 2*u. List the prime factors of w.
2, 17
Suppose 8*z - 118 - 114 = 0. List the prime factors of z.
29
Suppose 4*g + 2 + 14 = 0. Let s = g - -25. What are the prime factors of s?
3, 7
Let m = -4 - 7. Let q = 8 - m. List the prime factors of q.
19
Let v(x) = -4*x. Let r be v(-5). Suppose -4*n + 71 = -q, 0 = n - q - 0*q - r. What are the prime factors of n?
17
Let y = 11 + -10. List the prime factors of (-6)/((-3)/y) + 12.
2, 7
Let q = 20 + -2. List the prime factors of q.
2, 3
Let l(v) = -12*v**2 + 1. Let i be l(-1). Let h(g) = -2*g - 16. List the prime factors of h(i).
2, 3
Suppose 4*d + 525 = 9*d. List the prime factors of d.
3, 5, 7
Let x(q) = -q**2 - 5*q + 5. Let l(v) = -v**2 - 5*v + 4. Let b(t) = -5*l(t) + 4*x(t). List the prime factors of b(-6).
2, 3
Let h(p) = -33*p**3 + p**2 + 2*p + 1. List the prime factors of h(-1).
3, 11
Suppose 5*k + 134 = u + 890, -154 = -k + 3*u. List the prime factors of k.
151
Let l = 2 + 0. Let o be -4*((-3)/l)/3. What are the prime factors of (-2)/o*3*-4?
2, 3
List the prime factors of (-131)/(-3) - 19/(-57).
2, 11
Suppose -5*b = -0*b - 60. List the prime factors of b.
2, 3
Let r be -3 + 11 + (-2 - 1). Let f = r + -1. Suppose -4*v + 4*n = 5*n - 50, 0 = -f*v - 2*n + 48. What are the prime factors of v?
13
Let k = -8 - 1. Let c be 3/(-9)*(-3)/(-1). Let g = c - k. List the prime factors of g.
2
List the prime factors of (3/(15/(-2)))/(2/(-190)).
2, 19
Suppose -32 = -2*f + 6*f - 5*o, -3*f + 5*o = 29. Let k = -9 + f. Let q = -5 - k. What are the prime factors of q?
7
Let p = -43 - -108. What are the prime factors of p?
5, 13
Let x = 4 - 2. Suppose 7 = x*z - 9. What are the prime factors of z?
2
Let v = -27 - -116. What are the prime factors of v?
89
Suppose -3*t - 26 = -5*t. Let s(j) = j**2 - 12*j - 3. What are the prime factors of s(t)?
2, 5
Suppose -i + 26 = x, 0 = -3*x + 2*x + 2*i + 41. List the prime factors of x.
31
Let m(y) = -6*y**3 + 2*y**2 + 5*y + 4. List the prime factors of m(-2).
2, 5
Suppose -27 = -0*u - 3*u. Let m be 3/u*-1*-39. Let k = 27 - m. What are the prime factors of k?
2, 7
What are the prime factors of 306 - ((-152)/48 - (-2)/12)?
3, 103
Let z(b) = b + 6. List the prime factors of z(9).
3, 5
Let x = 13 + -5. What are the prime factors of x?
2
Let c(u) = -13*u. Let x(z) = z**2 - 4*z - 6. Let r be x(5). List the prime factors of c(r).
13
Let o = 117 + -19. List the prime factors of o.
2, 7
Let t be 7*(-4 - (-3)/1). List the prime factors of -3 + 0 - 6*t.
3, 13
Suppose -4*z - 18 = -z. What are the prime factors of (-176)/z*3/2?
2, 11
Let b = -25 + 219. What are the prime factors of b?
2, 97
Suppose k = -k + 22. List the prime factors of k.
11
Let s(b) = b**2 + 4*b - 2. Let a be s(-5). Let d be 3/15*(a + 2). Suppose -n = -13 + d. What are the prime factors of n?
2, 3
Suppose -5*i + 102 = m, m = -4*i + 72 + 9. Let p = -12 + i. Let o = p + -6. What are the prime factors of o?
3
Let t(b) = -b + 4. Let o be t(6). What are the prime factors of 2/4 + (-31)/o?
2
Suppose 3*s - 8 + 2 = 0. Suppose s*w = 3*w - 25. List the prime factors of w.
5
Let v(p) = p**3 + 5*p**2 - 7*p - 7. List the prime factors of v(-5).
2, 7
Let o(d) = d + 15. Let l = 4 - 12. List the prime factors of o(l).
7
Suppose 4*p = -5*r + 1, 5*r + p = -0*r - 11. List the prime factors of (-2)/(-6) - 8/r.
3
Suppose -o + 0*o - 20 = u, 4*u + 81 = -3*o. What are the prime factors of (56/u)/((-2)/3)?
2
Let d be (-10)/(-45) - (-43)/9. Suppose -2*o + 3*q = -3*o + 45, 2*q = -d*o + 277. List the prime factors of o.
3, 19
Suppose -4*x + 13 = -7. Let t be 172/14 + (-4)/14. Suppose -t = -x*c + c. List the prime factors of c.
3
Suppose 0 = -2*h - n + 174 - 16, -2*n + 154 = 2*h. What are the prime factors of h?
3
Let g(k) = k**3 + 11*k**2 + 8*k + 11. What are the prime factors of g(-8)?
139
Suppose 3*t + 5 = 2*r, -3*r + 7 = -4*t - 0*r. What are the prime factors of (1*12)/((-1)/t)?
2, 3
Suppose -4*d = g - 228, 5*d + 3*g - 282 = g. What are the prime factors of d?
2, 29
Let m(i) = 2 + 0*i**2 - i**2 + 3. Let b be m(4). Let w = -8 - b. What are the prime factors of w?
3
Suppose 0*o = -5*f + 2*o + 174, -132 = -4*f + 4*o. What are the prime factors of (-6)/3*f/(-2)?
2, 3
List the prime factors of 272/4*2 + -4 + 4.
2, 17
Let g(m) = m - 3. Let r be (5/3)/(5/15). Suppose 0 = -r*k - x + 31, -17 = -3*k + 2*x - 1. List the prime factors of g(k).
3
Let x = -15 + 16. List the prime factors of x + 5 + 1*3.
3
Let p = 18 + -3. Let m = 2 + p. What are the prime factors of m?
17
Let n = 54 - 27. What are the prime factors of n?
3
Suppose 4*v = 96 + 352. List the prime factors of v.
2, 7
Suppose -5*r = -4*z - 3, -5*z = -2*r - 7 - 2. Let p(h) = h**3 + 6*h**2 + 5*h + 2. Let x be p(-5). Suppose 0 = -r*u + 2*u + x. What are the prime factors of u?
2
Let a = -61 - -107. What are the prime factors of a?
2, 23
Let n(i) = -i**3 - 8*i**2 + 7*i - 44. List the prime factors of n(-10).
2, 43
Let j be (65/4)/(3/(-12)). Let h be 2/(-8) + j/(-20). Suppose -3*t = -h*n + 2 - 8, n + 7 = 2*t. List the prime factors of n.
3
Let v(f) = -30*f + 17. List the prime factors of v(-11).
347
Let k be (2*1)/2 - -26. Let w(j) = -j**3 - 20*j**2 - 17*j + 25. Let c be w(-19). Let r = c + k. List the prime factors of r.
2, 7
Let z(t) = -2*t + 5. List the prime factors of z(0).
5
Suppose 2*z - 4*s - 460 = -2*z, -4*z - 4*s = -428. What are the prime factors of z?
3, 37
List the prime factors of 0 + 6/(-8) - 3855/(-20).
2, 3
Suppose -5 = 4*q - 5*j - 3, 3*j = -2*q + 10. Suppose -28 = -w + 5*n, 2*w - 5*n = -q*w + 142. List the prime factors of w.
2, 19
Let m(o) = o**3 - 8*o**2 + 5*o - 11. List the prime factors of m(8).
29
Suppose -x = -4*g - 252, -4*x - 3*g - 720 = -7*x. What are the prime factors of x?
2, 59
Let d = -31 + 18. Let a = d - -19. Suppose -p + a = p. What are the prime factors of p?
3
Let u(x) = -x. Let a be u(0). Suppose 7*d - 5*d - 12 = a. Suppose 9 = 2*r - q - 8, r - 3*q - d = 0. What are the prime factors of r?
3
Let q = 0 + 0. Suppose 10*m + 15 = 15*m. Suppose -z + m*z - 16 = q. What are the prime factors of z?
2
Let v = -23 - -43. Let j = 35 - v. List the prime factors of j.
3, 5
Suppose 0*z = 5*z - 25. Suppose 3*m = 3*n + 4*m - 59, -87 = -z*n + 4*m. What are the prime factors of n?
19
Let f(x) = -x**3 - 7*x**2 - x - 2. List the prime factors of f(-7).
5
Let z(y) = -11*y. Suppose 6 = 3*n + 4*d - 11, -n + 4*d - 21 = 0. List the prime factors of z(n).
11
Let j = 25 - 17. List the prime factors of j.
2
Suppose -9 = -3*h, -4*r - 4*h = -8*r + 8. Suppose 33 = -r*w + 113. List the prime factors of w.
2
Suppose 5*f - y - 4*y - 265 = 0, -2*f + 5*y = -109. What are the prime factors of f?
2, 13
Let w = 315 - 223. What are the prime factors of w?
2, 23
List the prime factors of (-2)/3 + 1157/39.
29
Let x(v) = -19*v - 51. What are the prime factors of x(-15)?
2, 3, 13
Let l(o) = o**3 - 6*o**2 + o + 2. Let n be l(6). Suppose n - 19 = -d. Let h = d - 5. What are the prime factors of h?
2, 3
Let i(t) = -t**3 + 16*t**2 - 24*t + 11. List the prime factors of i(10).
7, 53
Suppose -21 = -6*r + 9. List the prime factors of r.
5
Let y be ((-4)/(-8))/((-1)/4). Let h be y/4*(-8 - -4). Suppose -h*q = 3*o + o + 4, 0 = 5*q + 5*o - 5. What are the prime factors of q?
2
Suppose 3*j + 3 = -0*j. Let t(n) = -13*n**3 + n**2 - n - 1. List the prime factors of t(j).
2, 7
Le